{"id":33,"date":"2025-05-10T15:03:08","date_gmt":"2025-05-10T15:03:08","guid":{"rendered":"https:\/\/acuonggroup.com\/?page_id=33"},"modified":"2025-05-10T15:28:27","modified_gmt":"2025-05-10T15:28:27","slug":"home","status":"publish","type":"page","link":"https:\/\/acuonggroup.com\/","title":{"rendered":"Home"},"content":{"rendered":"\n<p>C\u00f4ng ty C\u1ed5 ph\u1ea7n t\u1eadp \u0111o\u00e0n kho\u00e1ng s\u1ea3n \u00c1 C\u01b0\u1eddng (ACM) \u0111\u01b0\u1ee3c ra \u0111\u1eddi n\u0103m 1996. Ra \u0111\u1eddi v\u1edbi s\u1ee9 m\u1ec7nh ph\u1ee5c v\u1ee5 kh\u00e1ch h\u00e0ng v\u1edbi s\u1ea3n ph\u1ea9m t\u1ed1t nh\u1ea5t, ch\u1ea5t l\u01b0\u1ee3ng nh\u1ea5t g\u00f3p ph\u1ea7n v\u00e0o n\u1ec1n c\u00f4ng nghi\u1ec7p n\u1eb7ng ph\u00e1t tri\u1ec3n v\u00e0 b\u1ec1n v\u1eefng h\u01a1n<\/p>\n","protected":false},"excerpt":{"rendered":"<p>C\u00f4ng ty C\u1ed5 ph\u1ea7n t\u1eadp \u0111o\u00e0n kho\u00e1ng s\u1ea3n \u00c1 C\u01b0\u1eddng (ACM) \u0111\u01b0\u1ee3c ra \u0111\u1eddi n\u0103m 1996. Ra \u0111\u1eddi v\u1edbi s\u1ee9 m\u1ec7nh ph\u1ee5c v\u1ee5 kh\u00e1ch h\u00e0ng v\u1edbi s\u1ea3n ph\u1ea9m t\u1ed1t nh\u1ea5t, ch\u1ea5t l\u01b0\u1ee3ng nh\u1ea5t g\u00f3p ph\u1ea7n v\u00e0o n\u1ec1n c\u00f4ng nghi\u1ec7p n\u1eb7ng ph\u00e1t tri\u1ec3n v\u00e0 b\u1ec1n v\u1eefng h\u01a1n<\/p>\n","protected":false},"author":1,"featured_media":0,"parent":0,"menu_order":0,"comment_status":"closed","ping_status":"closed","template":"page-template\/custom-home-page.php","meta":{"_regular_price":[],"currency_symbol":[],"footnotes":""},"class_list":["post-33","page","type-page","status-publish","hentry"],"post_slider_layout_featured_media_urls":{"thumbnail":"","post_slider_layout_landscape_large":"","post_slider_layout_portrait_large":"","post_slider_layout_square_large":"","post_slider_layout_landscape":"","post_slider_layout_portrait":"","post_slider_layout_square":"","full":""},"_links":{"self":[{"href":"https:\/\/acuonggroup.com\/index.php?rest_route=\/wp\/v2\/pages\/33","targetHints":{"allow":["GET"]}}],"collection":[{"href":"https:\/\/acuonggroup.com\/index.php?rest_route=\/wp\/v2\/pages"}],"about":[{"href":"https:\/\/acuonggroup.com\/index.php?rest_route=\/wp\/v2\/types\/page"}],"author":[{"embeddable":true,"href":"https:\/\/acuonggroup.com\/index.php?rest_route=\/wp\/v2\/users\/1"}],"replies":[{"embeddable":true,"href":"https:\/\/acuonggroup.com\/index.php?rest_route=%2Fwp%2Fv2%2Fcomments&post=33"}],"version-history":[{"count":2,"href":"https:\/\/acuonggroup.com\/index.php?rest_route=\/wp\/v2\/pages\/33\/revisions"}],"predecessor-version":[{"id":74,"href":"https:\/\/acuonggroup.com\/index.php?rest_route=\/wp\/v2\/pages\/33\/revisions\/74"}],"wp:attachment":[{"href":"https:\/\/acuonggroup.com\/index.php?rest_route=%2Fwp%2Fv2%2Fmedia&parent=33"}],"curies":[{"name":"wp","href":"https:\/\/api.w.org\/{rel}","templated":true}]}}